-15 = -4*a + 3*l - 1, 4*a + 2*l - 24 = 0. Suppose 0*c + a*s = -4*c + 136, 5*c + 2*s = 187. What is the tens digit of c?
3
Let j(g) = -g**2 - g - 1. Let x(k) = k**2 + 11*k + 4. Let i(t) = -2*j(t) - x(t). What is the tens digit of i(12)?
3
Let v(t) = -4*t + 2. Let p be v(8). Let l = -11 - p. Let i = l + 4. What is the units digit of i?
3
Let s = 11 - 11. Suppose -w + 1 + 9 = s. Let i(t) = t**3 - 11*t**2 + 12*t - 11. What is the units digit of i(w)?
9
Suppose -j + 1215 = -6*j. Let c = 130 + j. Let v = -71 - c. What is the tens digit of v?
4
Suppose -n - 12 = 2*n, -7 = i + 2*n. What is the tens digit of i*48/(-1 + 3)?
2
Let f = 359 + -200. What is the units digit of f?
9
Suppose -z - 3*w + 129 = 2*z, z + 5*w - 27 = 0. Suppose 3*d + z = -2*m, 2*m - 3*d + 27 = -26. Let j = m - -46. What is the tens digit of j?
2
Let f = -18 + 10. Let r(g) be the first derivative of -g**4/4 - 3*g**3 - 5*g**2 - 9*g + 16. What is the units digit of r(f)?
7
Let y(q) = -q + 20. Suppose l - 2*l + 30 = 5*a, 0 = 5*l. What is the tens digit of y(a)?
1
Let y(u) = -106*u + 37. What is the units digit of y(-2)?
9
Let p = -17 - -24. Let w be (-4)/((8/2)/(-2)). Let j = w + p. What is the units digit of j?
9
Let f = 26 + -35. What is the tens digit of (-1690)/(-25) - f/(-15)?
6
Let n = -183 + 3853. What is the thousands digit of n?
3
Suppose i + 2*n + 594 = 3200, 5*i = -n + 13012. What is the thousands digit of i?
2
What is the tens digit of 3365/(5 + 8/(-2))?
6
Suppose 1529 + 542 = 5*t + 2*y, 0 = -4*t + y + 1649. What is the hundreds digit of t?
4
Suppose -5*k + 5*i = -4015, 4*k + 4*i - 3212 = i. What is the hundreds digit of k?
8
Let t(d) = 38*d**2 - 2 + 0*d**3 + d**3 - 29*d**2 - 9*d. Let u be t(-6). Suppose u = -m + 6*m. What is the tens digit of m?
3
Let d be (-4)/10 + (3 - 13/5). Let i(s) = -s**3 - s**2 + 2*s + 16. What is the units digit of i(d)?
6
Suppose 35*w = 30*w + 20. Suppose -2*h - 54 = 3*x, -w*h = -2*h + 6. Let v = -6 - x. What is the units digit of v?
0
Let j = 2570 + -1493. What is the tens digit of j?
7
Let v(o) = 46*o + 6. Let y be v(3). Let k be y/(-20)*20/(-3). Suppose k = 6*n - 168. What is the units digit of n?
6
Let s = 34 - 31. Suppose -4*n + 1 = s*i, -6*i + 2*i + 16 = -2*n. What is the units digit of i?
3
Let j(o) = 32*o**2 - 4*o - 3. What is the hundreds digit of j(-5)?
8
Let b(j) = j**2 + j. Let i(v) = v + 9. Let h be i(-8). Let g be b(h). Suppose 0 = 4*t + 2*x + 6 - 4, -x = -g*t + 5. What is the units digit of t?
1
Suppose 0 = -6*y - 0*y + 24. Let i(h) = 18*h - 11. What is the units digit of i(y)?
1
Let w be 3 + (-3 + 4 - -2). Suppose i - 245 = -w*i. What is the tens digit of i?
3
Let o(y) = -8*y. Let v = -10 - -5. Let g be o(v). Suppose 4 = -4*u + g. What is the units digit of u?
9
Let v = 1120 + -560. What is the tens digit of v?
6
Suppose 3*h = 7*h - 40. Let z(r) = r**3 - 9*r**2 - 11*r + 15. Let b be z(h). Suppose b*q + 42 = 3*k, 0 = -4*k - 3*q + 2*q + 79. What is the tens digit of k?
1
Let k = -300 - -58. Let q = k + 429. What is the tens digit of q?
8
Let p = 205 - 369. Let y = p - -274. What is the units digit of y?
0
Let u be (37/(-3))/(3/9). Let x = u + 41. Suppose -t + 5 = -x*q, -4*t = t - q - 44. What is the units digit of t?
9
Suppose 2*j + 5*d - 6487 = 632, j = -2*d + 3558. What is the hundreds digit of j?
5
Let x(m) = m**3 - 18*m**2 + 27*m - 35. Let h be x(14). What is the units digit of (-2 - h/14)/(2/8)?
8
Suppose -c + n + 9 = -6, c = 4*n + 9. Let r = -14 + c. Let z(d) = 3*d**3 - 2*d**2 - d - 2. What is the units digit of z(r)?
8
Let u(i) = -2*i + 10. Let y be u(9). Let d be (3 - (-22)/y)*20. Suppose 3*a - a = t + 78, -3*a = d*t - 117. What is the tens digit of a?
3
Suppose 5*n = 2*u + 28475, -2*n = -4*n - 4*u + 11366. What is the hundreds digit of n?
6
Let v be (1044/48)/(6/64). Suppose 5*l = 6*l - v. What is the units digit of l?
2
Suppose -43 = 8*f - 139. Let l be f/(2/4 - -1). Suppose -100 - l = -4*b. What is the units digit of b?
7
Suppose 0 = 8*f + 79 + 49. Let o = 8 - f. What is the tens digit of o?
2
Let d be (-1)/((-1)/2) - -4. Suppose 0 = 11*b - d*b. What is the units digit of b + 0 + -1 - -5?
4
Let j be (-12)/(-9)*((-6)/8 - -3). Suppose 5*p + j*n = -2*n + 985, 4*p + 5*n - 784 = 0. What is the units digit of p?
1
Let v be ((-2)/(-3))/(1/3). Suppose -3*k - v*z = -20, 4*k + 4*z - 28 = 2*z. What is the units digit of k?
8
Suppose -6280 = -5*l + 3*c, 2*l - 3*c + 4*c = 2512. What is the tens digit of l?
5
Let p(h) = -h**3 - 2*h**2 + 4*h. Let r be p(-5). Suppose -3*f + r = -143. What is the units digit of (-4)/22 - (-1464)/f?
2
Let c(x) = -x**2 + 8*x + 13. Let q be c(9). Let u be (-6)/q - 7/2. Let b(p) = p**2 - 5. What is the units digit of b(u)?
0
Suppose 10*g = 18264 + 4156. What is the tens digit of g?
4
Let o(p) = 69*p + 76. What is the tens digit of o(6)?
9
Let a(o) = -o**3 - 3*o**2 - 11. Suppose 0*z + 15 = -3*z. Let n be a(z). Let j = n + -28. What is the tens digit of j?
1
What is the hundreds digit of ((-5078)/(-16) - -1) + (-138)/368?
3
Let d = 1221 - -222. What is the tens digit of d?
4
Let b(u) = -u - 5. Let y be b(-10). Suppose -4*r + y = -7. Suppose a + 2*f - 12 = 0, r*f - 18 + 42 = 2*a. What is the tens digit of a?
1
Let f be (-1*(-6)/(-12))/((-1)/(-214)). Let m(u) = -u**3 - 2*u**2 - u + 8. Let n be m(-6). Let z = n + f. What is the units digit of z?
1
Suppose -i + 3*i + 6 = 0. Let u(k) = -k**3 - 3*k**2 - 2*k + 4. Let h be u(i). Let y(v) = v - 2. What is the units digit of y(h)?
8
Let l(p) = p**3 + 10*p**2 + 14*p + 16. Let c be l(-8). Suppose c = 3*k - 130. What is the units digit of k?
4
What is the units digit of (-4367)/(-33) - -3*(-12)/27?
1
Let p(r) be the first derivative of 19*r**3/3 - 5*r**2/2 + 8*r + 7. What is the units digit of p(2)?
4
Let h = 0 + 47. Let p = h + -28. What is the units digit of p?
9
What is the thousands digit of 3 - (-11*196 - (-14)/(-2))?
2
Let l(y) be the third derivative of y**6/120 + y**5/12 + y**4/12 + 7*y**3/6 - 9*y**2. Let f be l(-5). What is the units digit of (2/(-2))/(f/72)?
4
Let g = 51 - -49. Suppose 0 = 5*m - m + 4*y - g, 2*y = 2*m - 54. What is the tens digit of m?
2
Suppose 67*c - 44960 = 27*c. What is the thousands digit of c?
1
Let i(g) = -6*g**2 - 9*g + 9. Let t(w) = 7*w**2 + 10*w - 9. Let v(j) = 6*i(j) + 5*t(j). Let r be v(-3). Let m = r + 39. What is the tens digit of m?
5
Let d(z) = -z**2 - 4*z - 2. Let w be d(-2). Let l be 397/w + 6/(-12). What is the tens digit of l/10 + (-4)/(-20)?
2
Let t = 5811 - 2321. What is the tens digit of t?
9
Let p be (-6)/39 + (-56)/(-26). Suppose 10 = -2*k, p*n - 5*k - 5 = 4*n. Suppose b = 1 + n. What is the units digit of b?
1
Suppose a - 180 = -2*a. Let q = 74 - a. What is the tens digit of q?
1
Let k = 17 - -8. Suppose 5*c = 3*s + 41, -c + 3*s + k = 8*s. What is the units digit of c?
0
Let v(z) = -23 - 5*z + 26*z**2 + 24*z**2 + 3 - 45*z**2. What is the units digit of v(-3)?
0
Suppose 6779 = 5*a - 3*x, -2*a + 3199 = 2*x + 497. What is the thousands digit of a?
1
What is the hundreds digit of 348231/507 - (-4)/26?
6
Suppose 1633 = 9*l - 2021. What is the hundreds digit of l?
4
Let f be 4 + -8 + -19 - -1. Let t = f + 10. What is the units digit of (t/10)/(4/(-50))?
5
Let d be 24/5 + ((-12)/(-15))/4. Suppose 0 = d*v - 2*y - 1045, 0 = 3*v - 5*y - 325 - 283. What is the units digit of v?
1
What is the tens digit of 239 + (10/25 - (-112)/20)?
4
Suppose 2*r = 4*l + 16, r = -4*l - 2 - 8. Let o be (-8 - l)/(-1)*-2. What is the tens digit of ((-4)/o)/(2/110)?
2
Let p(c) = -2*c**2 - c + 1. Let w be p(-2). Let f(v) = -14*v - 13. What is the tens digit of f(w)?
5
Suppose -d - 1514 = -2*i, i + 0*d + 2*d = 767. What is the units digit of i?
9
Let b(m) = 2*m**2 + 10*m + 12. What is the tens digit of b(17)?
6
Let g = -53 + 58. Suppose 770 = 5*k - 3*l, -12*k + 13*k = -g*l + 182. What is the hundreds digit of k?
1
Let m(l) = 2 - 3 - 13*l - 5 + 1. What is the tens digit of m(-5)?
6
Let n = -845 + 450. Let r = n + 560. What is the tens digit of r?
6
Suppose -15*b + 31*b = 4080. What is the hundreds digit of b?
2
Let h(x) = -x**2 + 3*x + 4. Let n be h(3). Suppose 0*r + r = -j - n, 5*j = r - 20. Let p(k) = -6*k + 4. What is the tens digit of p(j)?
2
Let a be (-234)/(-14) - 4/(-14). Suppose -4*i = -3*r + 14, 4*r + 5*i + a = 8*r. Let n = 9 + r. What is the un